{"id":13,"date":"2015-12-23T17:08:41","date_gmt":"2015-12-23T17:08:41","guid":{"rendered":"http:\/\/localhost\/equilibrio\/?page_id=13"},"modified":"2026-01-06T14:31:46","modified_gmt":"2026-01-06T14:31:46","slug":"clinica","status":"publish","type":"page","link":"https:\/\/www.equilibriosjp.com.br\/site\/clinica\/","title":{"rendered":"Cl\u00ednica"},"content":{"rendered":"<p><img fetchpriority=\"high\" decoding=\"async\" class=\"alignnone wp-image-421 size-full\" src=\"http:\/\/www.equilibriosjp.com.br\/site\/wp-content\/uploads\/2026\/01\/2.png\" alt=\"\" width=\"1536\" height=\"1024\" srcset=\"https:\/\/www.equilibriosjp.com.br\/site\/wp-content\/uploads\/2026\/01\/2.png 1536w, https:\/\/www.equilibriosjp.com.br\/site\/wp-content\/uploads\/2026\/01\/2-300x200.png 300w, https:\/\/www.equilibriosjp.com.br\/site\/wp-content\/uploads\/2026\/01\/2-768x512.png 768w, https:\/\/www.equilibriosjp.com.br\/site\/wp-content\/uploads\/2026\/01\/2-1024x683.png 1024w\" sizes=\"(max-width: 1536px) 100vw, 1536px\" \/><\/p>\n<p>A Cl\u00ednica Equil\u00edbrio t\u00eam duas unidades, e est\u00e1 situada em regi\u00f5es nobres de S\u00e3o Jos\u00e9 dos Pinhais-PR. Atua h\u00e1 mais de 16 anos, na \u00e1rea de fisioterapia, hidroterapia e diversas especialidades. Um dos nossos diferenciais, \u00e9 que desde a sua funda\u00e7\u00e3o, a empresa \u00e9 administrada por fisioterapeutas, o que otimiza o entendimento da necessidade de cada paciente, bem como, a conduta correta para os procedimentos.<\/p>\n<p>Os atendimentos s\u00e3o realizados por profissionais capacitados e em constante desenvolvimento, utilizamos m\u00e9todos de tratamentos eficazes e individualizados.<\/p>\n<p>Nossa abordagem \u00e9 atualizada, trazemos como premissa a inova\u00e7\u00e3o, a fim de, integrar as especialidades na \u00e1rea da fisioterapia para oferecer o melhor aos pacientes.<\/p>\n<p>Realizamos atendimentos de conv\u00eanios, particulares, e tamb\u00e9m temos diversas parcerias com m\u00e9dicos e outras cl\u00ednicas de nossa regi\u00e3o. Al\u00e9m de tratamentos, buscamos oferecer bem-estar e qualidade de vida a quem nos procura, sempre visando a promo\u00e7\u00e3o, preven\u00e7\u00e3o e restaura\u00e7\u00e3o da sa\u00fade.<\/p>\n<p>Priorizamos a qualidade, a compet\u00eancia e nos dedicamos ao trabalho diariamente, com atendimentos de segunda a s\u00e1bado. Trabalhamos para que nossos pacientes tenham tratamento adequado, e proporcionamos um ambiente agrad\u00e1vel e familiar, pois o nosso objetivo \u00e9 que a sua recupera\u00e7\u00e3o seja completa.<\/p>\n<h2>Nova unidade S\u00e3o Pedro<\/h2>\n<div id=\"amw_galleria_slideshow_1\" class=\"amw-galleria-slideshow\"><\/div>\n<script type=\"text\/javascript\">jQuery(document).ready(function(){ jQuery(\"#amw_galleria_slideshow_1\").galleria({\"dataSource\":[{\"image\":\"https:\\\/\\\/www.equilibriosjp.com.br\\\/site\\\/wp-content\\\/uploads\\\/2026\\\/01\\\/1-1024x576.jpg\",\"big\":\"https:\\\/\\\/www.equilibriosjp.com.br\\\/site\\\/wp-content\\\/uploads\\\/2026\\\/01\\\/1-1024x576.jpg\",\"thumb\":\"https:\\\/\\\/www.equilibriosjp.com.br\\\/site\\\/wp-content\\\/uploads\\\/2026\\\/01\\\/1-150x150.jpg\",\"title\":\"1\",\"description\":\"\"},{\"image\":\"https:\\\/\\\/www.equilibriosjp.com.br\\\/site\\\/wp-content\\\/uploads\\\/2026\\\/01\\\/3-1024x576.jpeg\",\"big\":\"https:\\\/\\\/www.equilibriosjp.com.br\\\/site\\\/wp-content\\\/uploads\\\/2026\\\/01\\\/3-1024x576.jpeg\",\"thumb\":\"https:\\\/\\\/www.equilibriosjp.com.br\\\/site\\\/wp-content\\\/uploads\\\/2026\\\/01\\\/3-150x150.jpeg\",\"title\":\"3\",\"description\":\"\"},{\"image\":\"https:\\\/\\\/www.equilibriosjp.com.br\\\/site\\\/wp-content\\\/uploads\\\/2026\\\/01\\\/4-1024x683.jpg\",\"big\":\"https:\\\/\\\/www.equilibriosjp.com.br\\\/site\\\/wp-content\\\/uploads\\\/2026\\\/01\\\/4-1024x683.jpg\",\"thumb\":\"https:\\\/\\\/www.equilibriosjp.com.br\\\/site\\\/wp-content\\\/uploads\\\/2026\\\/01\\\/4-150x150.jpg\",\"title\":\"4\",\"description\":\"\"},{\"image\":\"https:\\\/\\\/www.equilibriosjp.com.br\\\/site\\\/wp-content\\\/uploads\\\/2026\\\/01\\\/5-1024x683.jpg\",\"big\":\"https:\\\/\\\/www.equilibriosjp.com.br\\\/site\\\/wp-content\\\/uploads\\\/2026\\\/01\\\/5-1024x683.jpg\",\"thumb\":\"https:\\\/\\\/www.equilibriosjp.com.br\\\/site\\\/wp-content\\\/uploads\\\/2026\\\/01\\\/5-150x150.jpg\",\"title\":\"5\",\"description\":\"\"},{\"image\":\"https:\\\/\\\/www.equilibriosjp.com.br\\\/site\\\/wp-content\\\/uploads\\\/2026\\\/01\\\/6-1024x683.jpg\",\"big\":\"https:\\\/\\\/www.equilibriosjp.com.br\\\/site\\\/wp-content\\\/uploads\\\/2026\\\/01\\\/6-1024x683.jpg\",\"thumb\":\"https:\\\/\\\/www.equilibriosjp.com.br\\\/site\\\/wp-content\\\/uploads\\\/2026\\\/01\\\/6-150x150.jpg\",\"title\":\"6\",\"description\":\"\"},{\"image\":\"https:\\\/\\\/www.equilibriosjp.com.br\\\/site\\\/wp-content\\\/uploads\\\/2026\\\/01\\\/7-1024x683.jpg\",\"big\":\"https:\\\/\\\/www.equilibriosjp.com.br\\\/site\\\/wp-content\\\/uploads\\\/2026\\\/01\\\/7-1024x683.jpg\",\"thumb\":\"https:\\\/\\\/www.equilibriosjp.com.br\\\/site\\\/wp-content\\\/uploads\\\/2026\\\/01\\\/7-150x150.jpg\",\"title\":\"7\",\"description\":\"\"},{\"image\":\"https:\\\/\\\/www.equilibriosjp.com.br\\\/site\\\/wp-content\\\/uploads\\\/2026\\\/01\\\/8-1024x683.jpg\",\"big\":\"https:\\\/\\\/www.equilibriosjp.com.br\\\/site\\\/wp-content\\\/uploads\\\/2026\\\/01\\\/8-1024x683.jpg\",\"thumb\":\"https:\\\/\\\/www.equilibriosjp.com.br\\\/site\\\/wp-content\\\/uploads\\\/2026\\\/01\\\/8-150x150.jpg\",\"title\":\"8\",\"description\":\"\"},{\"image\":\"https:\\\/\\\/www.equilibriosjp.com.br\\\/site\\\/wp-content\\\/uploads\\\/2026\\\/01\\\/9-1024x683.jpg\",\"big\":\"https:\\\/\\\/www.equilibriosjp.com.br\\\/site\\\/wp-content\\\/uploads\\\/2026\\\/01\\\/9-1024x683.jpg\",\"thumb\":\"https:\\\/\\\/www.equilibriosjp.com.br\\\/site\\\/wp-content\\\/uploads\\\/2026\\\/01\\\/9-150x150.jpg\",\"title\":\"9\",\"description\":\"\"},{\"image\":\"https:\\\/\\\/www.equilibriosjp.com.br\\\/site\\\/wp-content\\\/uploads\\\/2026\\\/01\\\/10-1024x683.jpg\",\"big\":\"https:\\\/\\\/www.equilibriosjp.com.br\\\/site\\\/wp-content\\\/uploads\\\/2026\\\/01\\\/10-1024x683.jpg\",\"thumb\":\"https:\\\/\\\/www.equilibriosjp.com.br\\\/site\\\/wp-content\\\/uploads\\\/2026\\\/01\\\/10-150x150.jpg\",\"title\":\"10\",\"description\":\"\"},{\"image\":\"https:\\\/\\\/www.equilibriosjp.com.br\\\/site\\\/wp-content\\\/uploads\\\/2026\\\/01\\\/11-1024x683.jpg\",\"big\":\"https:\\\/\\\/www.equilibriosjp.com.br\\\/site\\\/wp-content\\\/uploads\\\/2026\\\/01\\\/11-1024x683.jpg\",\"thumb\":\"https:\\\/\\\/www.equilibriosjp.com.br\\\/site\\\/wp-content\\\/uploads\\\/2026\\\/01\\\/11-150x150.jpg\",\"title\":\"11\",\"description\":\"\"},{\"image\":\"https:\\\/\\\/www.equilibriosjp.com.br\\\/site\\\/wp-content\\\/uploads\\\/2026\\\/01\\\/12-1024x683.jpg\",\"big\":\"https:\\\/\\\/www.equilibriosjp.com.br\\\/site\\\/wp-content\\\/uploads\\\/2026\\\/01\\\/12-1024x683.jpg\",\"thumb\":\"https:\\\/\\\/www.equilibriosjp.com.br\\\/site\\\/wp-content\\\/uploads\\\/2026\\\/01\\\/12-150x150.jpg\",\"title\":\"12\",\"description\":\"\"},{\"image\":\"https:\\\/\\\/www.equilibriosjp.com.br\\\/site\\\/wp-content\\\/uploads\\\/2026\\\/01\\\/13-1024x576.jpeg\",\"big\":\"https:\\\/\\\/www.equilibriosjp.com.br\\\/site\\\/wp-content\\\/uploads\\\/2026\\\/01\\\/13-1024x576.jpeg\",\"thumb\":\"https:\\\/\\\/www.equilibriosjp.com.br\\\/site\\\/wp-content\\\/uploads\\\/2026\\\/01\\\/13-150x150.jpeg\",\"title\":\"13\",\"description\":\"\"},{\"image\":\"https:\\\/\\\/www.equilibriosjp.com.br\\\/site\\\/wp-content\\\/uploads\\\/2026\\\/01\\\/14-1024x683.jpg\",\"big\":\"https:\\\/\\\/www.equilibriosjp.com.br\\\/site\\\/wp-content\\\/uploads\\\/2026\\\/01\\\/14-1024x683.jpg\",\"thumb\":\"https:\\\/\\\/www.equilibriosjp.com.br\\\/site\\\/wp-content\\\/uploads\\\/2026\\\/01\\\/14-150x150.jpg\",\"title\":\"14\",\"description\":\"\"},{\"image\":\"https:\\\/\\\/www.equilibriosjp.com.br\\\/site\\\/wp-content\\\/uploads\\\/2026\\\/01\\\/15-1024x576.jpeg\",\"big\":\"https:\\\/\\\/www.equilibriosjp.com.br\\\/site\\\/wp-content\\\/uploads\\\/2026\\\/01\\\/15-1024x576.jpeg\",\"thumb\":\"https:\\\/\\\/www.equilibriosjp.com.br\\\/site\\\/wp-content\\\/uploads\\\/2026\\\/01\\\/15-150x150.jpeg\",\"title\":\"15\",\"description\":\"\"},{\"image\":\"https:\\\/\\\/www.equilibriosjp.com.br\\\/site\\\/wp-content\\\/uploads\\\/2026\\\/01\\\/16-1024x576.jpeg\",\"big\":\"https:\\\/\\\/www.equilibriosjp.com.br\\\/site\\\/wp-content\\\/uploads\\\/2026\\\/01\\\/16-1024x576.jpeg\",\"thumb\":\"https:\\\/\\\/www.equilibriosjp.com.br\\\/site\\\/wp-content\\\/uploads\\\/2026\\\/01\\\/16-150x150.jpeg\",\"title\":\"16\",\"description\":\"\"},{\"image\":\"https:\\\/\\\/www.equilibriosjp.com.br\\\/site\\\/wp-content\\\/uploads\\\/2026\\\/01\\\/17-1024x576.jpeg\",\"big\":\"https:\\\/\\\/www.equilibriosjp.com.br\\\/site\\\/wp-content\\\/uploads\\\/2026\\\/01\\\/17-1024x576.jpeg\",\"thumb\":\"https:\\\/\\\/www.equilibriosjp.com.br\\\/site\\\/wp-content\\\/uploads\\\/2026\\\/01\\\/17-150x150.jpeg\",\"title\":\"17\",\"description\":\"\"},{\"image\":\"https:\\\/\\\/www.equilibriosjp.com.br\\\/site\\\/wp-content\\\/uploads\\\/2026\\\/01\\\/18-1024x683.jpg\",\"big\":\"https:\\\/\\\/www.equilibriosjp.com.br\\\/site\\\/wp-content\\\/uploads\\\/2026\\\/01\\\/18-1024x683.jpg\",\"thumb\":\"https:\\\/\\\/www.equilibriosjp.com.br\\\/site\\\/wp-content\\\/uploads\\\/2026\\\/01\\\/18-150x150.jpg\",\"title\":\"18\",\"description\":\"\"},{\"image\":\"https:\\\/\\\/www.equilibriosjp.com.br\\\/site\\\/wp-content\\\/uploads\\\/2026\\\/01\\\/19-1024x576.jpeg\",\"big\":\"https:\\\/\\\/www.equilibriosjp.com.br\\\/site\\\/wp-content\\\/uploads\\\/2026\\\/01\\\/19-1024x576.jpeg\",\"thumb\":\"https:\\\/\\\/www.equilibriosjp.com.br\\\/site\\\/wp-content\\\/uploads\\\/2026\\\/01\\\/19-150x150.jpeg\",\"title\":\"19\",\"description\":\"\"},{\"image\":\"https:\\\/\\\/www.equilibriosjp.com.br\\\/site\\\/wp-content\\\/uploads\\\/2026\\\/01\\\/20-1024x576.jpeg\",\"big\":\"https:\\\/\\\/www.equilibriosjp.com.br\\\/site\\\/wp-content\\\/uploads\\\/2026\\\/01\\\/20-1024x576.jpeg\",\"thumb\":\"https:\\\/\\\/www.equilibriosjp.com.br\\\/site\\\/wp-content\\\/uploads\\\/2026\\\/01\\\/20-150x150.jpeg\",\"title\":\"20\",\"description\":\"\"},{\"image\":\"https:\\\/\\\/www.equilibriosjp.com.br\\\/site\\\/wp-content\\\/uploads\\\/2026\\\/01\\\/21-1024x683.jpg\",\"big\":\"https:\\\/\\\/www.equilibriosjp.com.br\\\/site\\\/wp-content\\\/uploads\\\/2026\\\/01\\\/21-1024x683.jpg\",\"thumb\":\"https:\\\/\\\/www.equilibriosjp.com.br\\\/site\\\/wp-content\\\/uploads\\\/2026\\\/01\\\/21-150x150.jpg\",\"title\":\"21\",\"description\":\"\"},{\"image\":\"https:\\\/\\\/www.equilibriosjp.com.br\\\/site\\\/wp-content\\\/uploads\\\/2026\\\/01\\\/22-1024x683.jpg\",\"big\":\"https:\\\/\\\/www.equilibriosjp.com.br\\\/site\\\/wp-content\\\/uploads\\\/2026\\\/01\\\/22-1024x683.jpg\",\"thumb\":\"https:\\\/\\\/www.equilibriosjp.com.br\\\/site\\\/wp-content\\\/uploads\\\/2026\\\/01\\\/22-150x150.jpg\",\"title\":\"22\",\"description\":\"\"},{\"image\":\"https:\\\/\\\/www.equilibriosjp.com.br\\\/site\\\/wp-content\\\/uploads\\\/2026\\\/01\\\/23-1024x576.jpeg\",\"big\":\"https:\\\/\\\/www.equilibriosjp.com.br\\\/site\\\/wp-content\\\/uploads\\\/2026\\\/01\\\/23-1024x576.jpeg\",\"thumb\":\"https:\\\/\\\/www.equilibriosjp.com.br\\\/site\\\/wp-content\\\/uploads\\\/2026\\\/01\\\/23-150x150.jpeg\",\"title\":\"23\",\"description\":\"\"},{\"image\":\"https:\\\/\\\/www.equilibriosjp.com.br\\\/site\\\/wp-content\\\/uploads\\\/2026\\\/01\\\/24-1024x683.jpg\",\"big\":\"https:\\\/\\\/www.equilibriosjp.com.br\\\/site\\\/wp-content\\\/uploads\\\/2026\\\/01\\\/24-1024x683.jpg\",\"thumb\":\"https:\\\/\\\/www.equilibriosjp.com.br\\\/site\\\/wp-content\\\/uploads\\\/2026\\\/01\\\/24-150x150.jpg\",\"title\":\"24\",\"description\":\"\"},{\"image\":\"https:\\\/\\\/www.equilibriosjp.com.br\\\/site\\\/wp-content\\\/uploads\\\/2026\\\/01\\\/25-1024x576.jpeg\",\"big\":\"https:\\\/\\\/www.equilibriosjp.com.br\\\/site\\\/wp-content\\\/uploads\\\/2026\\\/01\\\/25-1024x576.jpeg\",\"thumb\":\"https:\\\/\\\/www.equilibriosjp.com.br\\\/site\\\/wp-content\\\/uploads\\\/2026\\\/01\\\/25-150x150.jpeg\",\"title\":\"25\",\"description\":\"\"},{\"image\":\"https:\\\/\\\/www.equilibriosjp.com.br\\\/site\\\/wp-content\\\/uploads\\\/2026\\\/01\\\/26-1024x683.jpg\",\"big\":\"https:\\\/\\\/www.equilibriosjp.com.br\\\/site\\\/wp-content\\\/uploads\\\/2026\\\/01\\\/26-1024x683.jpg\",\"thumb\":\"https:\\\/\\\/www.equilibriosjp.com.br\\\/site\\\/wp-content\\\/uploads\\\/2026\\\/01\\\/26-150x150.jpg\",\"title\":\"26\",\"description\":\"\"},{\"image\":\"https:\\\/\\\/www.equilibriosjp.com.br\\\/site\\\/wp-content\\\/uploads\\\/2026\\\/01\\\/27-1024x683.jpg\",\"big\":\"https:\\\/\\\/www.equilibriosjp.com.br\\\/site\\\/wp-content\\\/uploads\\\/2026\\\/01\\\/27-1024x683.jpg\",\"thumb\":\"https:\\\/\\\/www.equilibriosjp.com.br\\\/site\\\/wp-content\\\/uploads\\\/2026\\\/01\\\/27-150x150.jpg\",\"title\":\"27\",\"description\":\"\"},{\"image\":\"https:\\\/\\\/www.equilibriosjp.com.br\\\/site\\\/wp-content\\\/uploads\\\/2026\\\/01\\\/28-1024x682.jpg\",\"big\":\"https:\\\/\\\/www.equilibriosjp.com.br\\\/site\\\/wp-content\\\/uploads\\\/2026\\\/01\\\/28-1024x682.jpg\",\"thumb\":\"https:\\\/\\\/www.equilibriosjp.com.br\\\/site\\\/wp-content\\\/uploads\\\/2026\\\/01\\\/28-150x150.jpg\",\"title\":\"28\",\"description\":\"\"},{\"image\":\"https:\\\/\\\/www.equilibriosjp.com.br\\\/site\\\/wp-content\\\/uploads\\\/2026\\\/01\\\/29-1024x683.jpg\",\"big\":\"https:\\\/\\\/www.equilibriosjp.com.br\\\/site\\\/wp-content\\\/uploads\\\/2026\\\/01\\\/29-1024x683.jpg\",\"thumb\":\"https:\\\/\\\/www.equilibriosjp.com.br\\\/site\\\/wp-content\\\/uploads\\\/2026\\\/01\\\/29-150x150.jpg\",\"title\":\"29\",\"description\":\"\"}],\"width\":\"auto\",\"height\":0.7600000000000000088817841970012523233890533447265625,\"autoplay\":false,\"transition\":\"slide\",\"initialTransition\":\"fade\",\"transitionSpeed\":0,\"_delayTime\":4000,\"_hideControls\":false,\"_thumbnailMode\":\"grid\",\"_captionMode\":\"on_expand\"}); });<\/script>\n<p><\/br><\/br><\/p>\n<h2>Unidade Centro<\/h2>\n<div id=\"amw_galleria_slideshow_2\" class=\"amw-galleria-slideshow\"><\/div>\n<script type=\"text\/javascript\">jQuery(document).ready(function(){ jQuery(\"#amw_galleria_slideshow_2\").galleria({\"dataSource\":[{\"image\":\"https:\\\/\\\/www.equilibriosjp.com.br\\\/site\\\/wp-content\\\/uploads\\\/2021\\\/07\\\/0.jpg\",\"big\":\"https:\\\/\\\/www.equilibriosjp.com.br\\\/site\\\/wp-content\\\/uploads\\\/2021\\\/07\\\/0.jpg\",\"thumb\":\"https:\\\/\\\/www.equilibriosjp.com.br\\\/site\\\/wp-content\\\/uploads\\\/2021\\\/07\\\/0-150x150.jpg\",\"title\":\"0\",\"description\":\"\"},{\"image\":\"https:\\\/\\\/www.equilibriosjp.com.br\\\/site\\\/wp-content\\\/uploads\\\/2025\\\/02\\\/IMG_0966-1024x683.jpg\",\"big\":\"https:\\\/\\\/www.equilibriosjp.com.br\\\/site\\\/wp-content\\\/uploads\\\/2025\\\/02\\\/IMG_0966-1024x683.jpg\",\"thumb\":\"https:\\\/\\\/www.equilibriosjp.com.br\\\/site\\\/wp-content\\\/uploads\\\/2025\\\/02\\\/IMG_0966-150x150.jpg\",\"title\":\"IMG_0966\",\"description\":\"\"},{\"image\":\"https:\\\/\\\/www.equilibriosjp.com.br\\\/site\\\/wp-content\\\/uploads\\\/2025\\\/02\\\/IMG_0967-1024x683.jpg\",\"big\":\"https:\\\/\\\/www.equilibriosjp.com.br\\\/site\\\/wp-content\\\/uploads\\\/2025\\\/02\\\/IMG_0967-1024x683.jpg\",\"thumb\":\"https:\\\/\\\/www.equilibriosjp.com.br\\\/site\\\/wp-content\\\/uploads\\\/2025\\\/02\\\/IMG_0967-150x150.jpg\",\"title\":\"IMG_0967\",\"description\":\"\"},{\"image\":\"https:\\\/\\\/www.equilibriosjp.com.br\\\/site\\\/wp-content\\\/uploads\\\/2025\\\/02\\\/IMG_0969-1024x683.jpg\",\"big\":\"https:\\\/\\\/www.equilibriosjp.com.br\\\/site\\\/wp-content\\\/uploads\\\/2025\\\/02\\\/IMG_0969-1024x683.jpg\",\"thumb\":\"https:\\\/\\\/www.equilibriosjp.com.br\\\/site\\\/wp-content\\\/uploads\\\/2025\\\/02\\\/IMG_0969-150x150.jpg\",\"title\":\"IMG_0969\",\"description\":\"\"},{\"image\":\"https:\\\/\\\/www.equilibriosjp.com.br\\\/site\\\/wp-content\\\/uploads\\\/2025\\\/02\\\/IMG_0982-1024x683.jpg\",\"big\":\"https:\\\/\\\/www.equilibriosjp.com.br\\\/site\\\/wp-content\\\/uploads\\\/2025\\\/02\\\/IMG_0982-1024x683.jpg\",\"thumb\":\"https:\\\/\\\/www.equilibriosjp.com.br\\\/site\\\/wp-content\\\/uploads\\\/2025\\\/02\\\/IMG_0982-150x150.jpg\",\"title\":\"IMG_0982\",\"description\":\"\"},{\"image\":\"https:\\\/\\\/www.equilibriosjp.com.br\\\/site\\\/wp-content\\\/uploads\\\/2025\\\/02\\\/IMG_0998-1024x683.jpg\",\"big\":\"https:\\\/\\\/www.equilibriosjp.com.br\\\/site\\\/wp-content\\\/uploads\\\/2025\\\/02\\\/IMG_0998-1024x683.jpg\",\"thumb\":\"https:\\\/\\\/www.equilibriosjp.com.br\\\/site\\\/wp-content\\\/uploads\\\/2025\\\/02\\\/IMG_0998-150x150.jpg\",\"title\":\"IMG_0998\",\"description\":\"\"},{\"image\":\"https:\\\/\\\/www.equilibriosjp.com.br\\\/site\\\/wp-content\\\/uploads\\\/2025\\\/02\\\/IMG_1009-1024x683.jpg\",\"big\":\"https:\\\/\\\/www.equilibriosjp.com.br\\\/site\\\/wp-content\\\/uploads\\\/2025\\\/02\\\/IMG_1009-1024x683.jpg\",\"thumb\":\"https:\\\/\\\/www.equilibriosjp.com.br\\\/site\\\/wp-content\\\/uploads\\\/2025\\\/02\\\/IMG_1009-150x150.jpg\",\"title\":\"IMG_1009\",\"description\":\"\"},{\"image\":\"https:\\\/\\\/www.equilibriosjp.com.br\\\/site\\\/wp-content\\\/uploads\\\/2025\\\/02\\\/IMG_1036-1024x683.jpg\",\"big\":\"https:\\\/\\\/www.equilibriosjp.com.br\\\/site\\\/wp-content\\\/uploads\\\/2025\\\/02\\\/IMG_1036-1024x683.jpg\",\"thumb\":\"https:\\\/\\\/www.equilibriosjp.com.br\\\/site\\\/wp-content\\\/uploads\\\/2025\\\/02\\\/IMG_1036-150x150.jpg\",\"title\":\"IMG_1036\",\"description\":\"\"},{\"image\":\"https:\\\/\\\/www.equilibriosjp.com.br\\\/site\\\/wp-content\\\/uploads\\\/2025\\\/02\\\/IMG_1048-1024x683.jpg\",\"big\":\"https:\\\/\\\/www.equilibriosjp.com.br\\\/site\\\/wp-content\\\/uploads\\\/2025\\\/02\\\/IMG_1048-1024x683.jpg\",\"thumb\":\"https:\\\/\\\/www.equilibriosjp.com.br\\\/site\\\/wp-content\\\/uploads\\\/2025\\\/02\\\/IMG_1048-150x150.jpg\",\"title\":\"IMG_1048\",\"description\":\"\"},{\"image\":\"https:\\\/\\\/www.equilibriosjp.com.br\\\/site\\\/wp-content\\\/uploads\\\/2025\\\/02\\\/IMG_1050-1024x683.jpg\",\"big\":\"https:\\\/\\\/www.equilibriosjp.com.br\\\/site\\\/wp-content\\\/uploads\\\/2025\\\/02\\\/IMG_1050-1024x683.jpg\",\"thumb\":\"https:\\\/\\\/www.equilibriosjp.com.br\\\/site\\\/wp-content\\\/uploads\\\/2025\\\/02\\\/IMG_1050-150x150.jpg\",\"title\":\"IMG_1050\",\"description\":\"\"},{\"image\":\"https:\\\/\\\/www.equilibriosjp.com.br\\\/site\\\/wp-content\\\/uploads\\\/2025\\\/02\\\/IMG_1060-1024x683.jpg\",\"big\":\"https:\\\/\\\/www.equilibriosjp.com.br\\\/site\\\/wp-content\\\/uploads\\\/2025\\\/02\\\/IMG_1060-1024x683.jpg\",\"thumb\":\"https:\\\/\\\/www.equilibriosjp.com.br\\\/site\\\/wp-content\\\/uploads\\\/2025\\\/02\\\/IMG_1060-150x150.jpg\",\"title\":\"IMG_1060\",\"description\":\"\"},{\"image\":\"https:\\\/\\\/www.equilibriosjp.com.br\\\/site\\\/wp-content\\\/uploads\\\/2025\\\/02\\\/IMG_1072-1024x683.jpg\",\"big\":\"https:\\\/\\\/www.equilibriosjp.com.br\\\/site\\\/wp-content\\\/uploads\\\/2025\\\/02\\\/IMG_1072-1024x683.jpg\",\"thumb\":\"https:\\\/\\\/www.equilibriosjp.com.br\\\/site\\\/wp-content\\\/uploads\\\/2025\\\/02\\\/IMG_1072-150x150.jpg\",\"title\":\"IMG_1072\",\"description\":\"\"},{\"image\":\"https:\\\/\\\/www.equilibriosjp.com.br\\\/site\\\/wp-content\\\/uploads\\\/2025\\\/02\\\/IMG_1088-1024x683.jpg\",\"big\":\"https:\\\/\\\/www.equilibriosjp.com.br\\\/site\\\/wp-content\\\/uploads\\\/2025\\\/02\\\/IMG_1088-1024x683.jpg\",\"thumb\":\"https:\\\/\\\/www.equilibriosjp.com.br\\\/site\\\/wp-content\\\/uploads\\\/2025\\\/02\\\/IMG_1088-150x150.jpg\",\"title\":\"IMG_1088\",\"description\":\"\"},{\"image\":\"https:\\\/\\\/www.equilibriosjp.com.br\\\/site\\\/wp-content\\\/uploads\\\/2025\\\/02\\\/IMG_1090-1024x683.jpg\",\"big\":\"https:\\\/\\\/www.equilibriosjp.com.br\\\/site\\\/wp-content\\\/uploads\\\/2025\\\/02\\\/IMG_1090-1024x683.jpg\",\"thumb\":\"https:\\\/\\\/www.equilibriosjp.com.br\\\/site\\\/wp-content\\\/uploads\\\/2025\\\/02\\\/IMG_1090-150x150.jpg\",\"title\":\"IMG_1090\",\"description\":\"\"},{\"image\":\"https:\\\/\\\/www.equilibriosjp.com.br\\\/site\\\/wp-content\\\/uploads\\\/2025\\\/02\\\/IMG_1093-1024x683.jpg\",\"big\":\"https:\\\/\\\/www.equilibriosjp.com.br\\\/site\\\/wp-content\\\/uploads\\\/2025\\\/02\\\/IMG_1093-1024x683.jpg\",\"thumb\":\"https:\\\/\\\/www.equilibriosjp.com.br\\\/site\\\/wp-content\\\/uploads\\\/2025\\\/02\\\/IMG_1093-150x150.jpg\",\"title\":\"IMG_1093\",\"description\":\"\"},{\"image\":\"https:\\\/\\\/www.equilibriosjp.com.br\\\/site\\\/wp-content\\\/uploads\\\/2025\\\/02\\\/IMG_1112-1024x683.jpg\",\"big\":\"https:\\\/\\\/www.equilibriosjp.com.br\\\/site\\\/wp-content\\\/uploads\\\/2025\\\/02\\\/IMG_1112-1024x683.jpg\",\"thumb\":\"https:\\\/\\\/www.equilibriosjp.com.br\\\/site\\\/wp-content\\\/uploads\\\/2025\\\/02\\\/IMG_1112-150x150.jpg\",\"title\":\"IMG_1112\",\"description\":\"\"},{\"image\":\"https:\\\/\\\/www.equilibriosjp.com.br\\\/site\\\/wp-content\\\/uploads\\\/2025\\\/02\\\/IMG_1121-1024x683.jpg\",\"big\":\"https:\\\/\\\/www.equilibriosjp.com.br\\\/site\\\/wp-content\\\/uploads\\\/2025\\\/02\\\/IMG_1121-1024x683.jpg\",\"thumb\":\"https:\\\/\\\/www.equilibriosjp.com.br\\\/site\\\/wp-content\\\/uploads\\\/2025\\\/02\\\/IMG_1121-150x150.jpg\",\"title\":\"IMG_1121\",\"description\":\"\"},{\"image\":\"https:\\\/\\\/www.equilibriosjp.com.br\\\/site\\\/wp-content\\\/uploads\\\/2025\\\/02\\\/IMG_1146-1024x683.jpg\",\"big\":\"https:\\\/\\\/www.equilibriosjp.com.br\\\/site\\\/wp-content\\\/uploads\\\/2025\\\/02\\\/IMG_1146-1024x683.jpg\",\"thumb\":\"https:\\\/\\\/www.equilibriosjp.com.br\\\/site\\\/wp-content\\\/uploads\\\/2025\\\/02\\\/IMG_1146-150x150.jpg\",\"title\":\"IMG_1146\",\"description\":\"\"},{\"image\":\"https:\\\/\\\/www.equilibriosjp.com.br\\\/site\\\/wp-content\\\/uploads\\\/2025\\\/02\\\/IMG_1138-1024x683.jpg\",\"big\":\"https:\\\/\\\/www.equilibriosjp.com.br\\\/site\\\/wp-content\\\/uploads\\\/2025\\\/02\\\/IMG_1138-1024x683.jpg\",\"thumb\":\"https:\\\/\\\/www.equilibriosjp.com.br\\\/site\\\/wp-content\\\/uploads\\\/2025\\\/02\\\/IMG_1138-150x150.jpg\",\"title\":\"IMG_1138\",\"description\":\"\"}],\"width\":\"auto\",\"height\":0.7600000000000000088817841970012523233890533447265625,\"autoplay\":false,\"transition\":\"slide\",\"initialTransition\":\"fade\",\"transitionSpeed\":0,\"_delayTime\":4000,\"_hideControls\":false,\"_thumbnailMode\":\"grid\",\"_captionMode\":\"on_expand\"}); });<\/script>\n","protected":false},"excerpt":{"rendered":"<p>A Cl\u00ednica Equil\u00edbrio t\u00eam duas unidades, e est\u00e1 situada em regi\u00f5es nobres de S\u00e3o Jos\u00e9 dos Pinhais-PR. Atua h\u00e1 mais de 16 anos, na \u00e1rea de fisioterapia, hidroterapia e diversas especialidades. Um dos nossos diferenciais, \u00e9 que desde a sua<\/p>\n","protected":false},"author":1,"featured_media":0,"parent":0,"menu_order":0,"comment_status":"closed","ping_status":"closed","template":"","meta":{"footnotes":""},"class_list":["post-13","page","type-page","status-publish","hentry"],"_links":{"self":[{"href":"https:\/\/www.equilibriosjp.com.br\/site\/wp-json\/wp\/v2\/pages\/13","targetHints":{"allow":["GET"]}}],"collection":[{"href":"https:\/\/www.equilibriosjp.com.br\/site\/wp-json\/wp\/v2\/pages"}],"about":[{"href":"https:\/\/www.equilibriosjp.com.br\/site\/wp-json\/wp\/v2\/types\/page"}],"author":[{"embeddable":true,"href":"https:\/\/www.equilibriosjp.com.br\/site\/wp-json\/wp\/v2\/users\/1"}],"replies":[{"embeddable":true,"href":"https:\/\/www.equilibriosjp.com.br\/site\/wp-json\/wp\/v2\/comments?post=13"}],"version-history":[{"count":45,"href":"https:\/\/www.equilibriosjp.com.br\/site\/wp-json\/wp\/v2\/pages\/13\/revisions"}],"predecessor-version":[{"id":464,"href":"https:\/\/www.equilibriosjp.com.br\/site\/wp-json\/wp\/v2\/pages\/13\/revisions\/464"}],"wp:attachment":[{"href":"https:\/\/www.equilibriosjp.com.br\/site\/wp-json\/wp\/v2\/media?parent=13"}],"curies":[{"name":"wp","href":"https:\/\/api.w.org\/{rel}","templated":true}]}}